(2/(-18)). Calculate the remainder when 32 is divided by (-2)/8 - i/8.
15
Let i(x) = x**3 - 2*x - 6. What is the remainder when i(3) is divided by 6?
3
Let x(c) = c**2 + 2*c - 3. Let w(g) = 7*g**2 + 3*g. Suppose a - 8 = 5*a. What is the remainder when w(a) is divided by x(3)?
10
Let c = 82 - 66. Suppose -2*n - 27 = -75. Suppose 2*b + 2*b = n. Calculate the remainder when c is divided by b.
4
Suppose -4*l = 20, 3*l = 3*g - 16 - 2. Calculate the remainder when g is divided by 1.
0
Suppose -2*t = -2*j + t + 141, -2*j = 5*t - 101. What is the remainder when j is divided by 16?
15
Let b = -31 - -64. Calculate the remainder when b is divided by 17.
16
Suppose 0*c = -4*c + 12. Suppose 0 = -5*u - 4*z + 100, 5*u + 2*z = c*z + 75. Suppose 0 = 2*t - 4*t + 18. Calculate the remainder when u is divided by t.
7
Let t(d) = d**2 + 5. Let u = 24 + -24. Let x(o) = -o - 2. What is the remainder when t(u) is divided by x(-6)?
1
Let b = 73 + 40. What is the remainder when b is divided by 29?
26
Let f(i) = i**2 + 7*i - 7. What is the remainder when f(-12) is divided by 27?
26
Suppose 5*r + 34 = -3*o, 0 = r + o - 0*o + 6. Let t be (-161)/3 - r/12. Calculate the remainder when 2/(-3) - t/3 is divided by 5.
2
What is the remainder when (52/14)/((-8)/(-56)) is divided by 7?
5
Suppose -2*d + 9*v - 11 = 4*v, 5 = v. Let g = d - 2. Calculate the remainder when 7 is divided by g.
2
Let x = -15 - -7. Let r = 8 + x. Suppose r = s + 3*v - 5, 5*v = -10. What is the remainder when 19 is divided by s?
8
Let u(w) = -w**3 - 8*w**2 - 4*w - 10. Let r(a) = a**3 + 8*a**2 + 4*a + 9. Let n(l) = 4*r(l) + 3*u(l). Calculate the remainder when n(-7) is divided by 14.
13
Let x = 211 + -123. Calculate the remainder when x is divided by 30.
28
Let u(h) = -2*h + 2. Let z be u(6). Let v = z - -18. Let r(l) = -2*l + 5. What is the remainder when r(-5) is divided by v?
7
Suppose -5*x - 17 = 4*g, 14 = -3*g - 5*x - 0. Let i = 5 + g. What is the remainder when 3 is divided by i?
1
Let f be (-20)/(-36)*3*6. What is the remainder when 6 is divided by ((-15)/f)/((-6)/16)?
2
Let n be (2 - 3) + 2 - 0. Suppose -4*h + 9 = -3*g - 10, g = 3*h - 18. Suppose -3*u + h - n = 0. What is the remainder when u is divided by 1?
0
Let n = -62 + 68. What is the remainder when 59 is divided by n?
5
Let n = -3 + 3. Let m(z) = z**3 + z**2 + z + 12. Calculate the remainder when -1*(1 - 1) + 1 + 34 is divided by m(n).
11
Suppose -y = 3*y - 12. Suppose 4*n = y*n + 3. What is the remainder when 10 is divided by n?
1
Suppose -99 + 37 = -2*y. What is the remainder when y is divided by 20?
11
Suppose -4*w - 3*s + 1196 = 0, -911 = -2*w + 4*s - 291. Suppose -66 = 4*f - w. Calculate the remainder when f is divided by 20.
19
Let t(f) = -f**3 - 5*f**2 - 2*f - 6. Let h be t(-5). Calculate the remainder when 12 is divided by h + 2 + (-1)/(-1).
5
Suppose -f + 4 = -0. Suppose 7 = x - f. Calculate the remainder when x is divided by 6/4*56/21.
3
Let d = 71 + -24. Suppose -w = 5*p - 2 - 39, 3*p = 5*w + d. Suppose 0 = 2*g + 2*g + 4*l - 128, -5*l = -g + 50. Calculate the remainder when g is divided by p.
8
Suppose 0 = -5*w - 3*x + 83, -2*x + 13 = w - 5. Let z = 29 - w. Calculate the remainder when z is divided by 5.
3
Let m(n) be the first derivative of n**2/2 - 6*n - 3. Calculate the remainder when m(7) is divided by 1.
0
Suppose 0 = -4*w + 2*w + 68. Let b(h) = h**2 - 11*h - 14. Suppose 2*g + g = 39. What is the remainder when w is divided by b(g)?
10
Calculate the remainder when 84 is divided by ((-38)/(-95))/((-2)/(-130)).
6
Suppose d - 16 - 16 = 0. Calculate the remainder when d is divided by 11.
10
Let j(s) = 15*s + 2. Let o(d) = d**2 + 3*d + 3. Let k be o(-2). Calculate the remainder when 31 is divided by j(k).
14
Let p(t) = 9*t - 19. Calculate the remainder when 104 is divided by p(6).
34
Let l(h) = 2*h**2 - 3*h + 3. What is the remainder when l(-6) is divided by (-5 + (-81)/(-15))/(3/180)?
21
Let h = 68 - 41. Calculate the remainder when 78 is divided by h.
24
Suppose h - 8 = -3*h. Suppose 8 = -4*g, -l + 4*g + 20 = h*l. What is the remainder when l is divided by 3?
1
Let u(b) = 5*b - 6. What is the remainder when u(8) is divided by 7?
6
Suppose -5*y - r + 3*r - 140 = 0, 0 = -y + r - 31. What is the remainder when (y/(-3))/(6/9) is divided by 5?
3
Let d = -4 + 8. Let r = 6 - d. Suppose -n - 4 = -0, -3*t = r*n - 55. Calculate the remainder when 40 is divided by t.
19
Let v = 19 + -9. Let z = -6 + v. Calculate the remainder when 14 is divided by z.
2
Let g(b) = b**3 - 4*b**2 - 2*b - 6. Suppose -f - f + 70 = 0. Calculate the remainder when f is divided by g(5).
8
Let u(b) = 4*b**2 + 9*b - 12. Calculate the remainder when u(6) is divided by 64.
58
Let b(i) = -2 + 3 + i + 0*i. Suppose 24 = -0*c + 2*c. Calculate the remainder when c is divided by b(6).
5
Let c = -7 - -3. Let m be (-2)/c*12/2. Suppose -2*r + m*u - 10 = 0, 0 = -2*r + u - 1 - 1. What is the remainder when 1 is divided by r?
0
Let n(w) = -8*w**2 + 21*w + 21. Let f(c) = 3*c**2 - 7*c - 7. Let r(l) = 11*f(l) + 4*n(l). What is the remainder when 1 is divided by r(-6)?
0
Suppose 2*l - 3*l + 25 = 0. Let s = 54 - l. Suppose 4*i + 2 = 42. Calculate the remainder when s is divided by i.
9
Let v be -4*(1 + (-3)/6). Calculate the remainder when -1 + v - -29 - -3 is divided by ((-2)/(-4) + -1)*-30.
14
Let c(o) = -5 + 6 + 0*o - o. Let l be c(-6). Suppose 2*u = 3*p - 4*p + l, -3*u + 4 = p. What is the remainder when 36 is divided by p?
10
Let n = -58 + 81. Calculate the remainder when n is divided by 12.
11
Let m(z) = z + 3. Let o be m(0). Suppose o*g + 1 = 4*g. Calculate the remainder when 7 is divided by 5 - (2 + -2 + g).
3
Let l = 36 + 5. Suppose -3*j + 2*a = -0*a - 48, -5*j - 3*a + 61 = 0. What is the remainder when l is divided by j?
13
Suppose 5*t - 86 = -r, 0*r = 3*t - r - 58. What is the remainder when t is divided by 5?
3
Let m = -8 - -9. Calculate the remainder when 55 is divided by (m - -6)*2/1.
13
Let r(o) = 12 - 5 + o + 23*o**2 - 6 + 0*o. What is the remainder when 68 is divided by r(-1)?
22
Suppose 34 + 86 = 3*z. Suppose -o = 4 - 0. Calculate the remainder when z is divided by 14/(-2*2/o).
12
Suppose 2*a + 5*j = 20 + 16, -3*j + 63 = 3*a. What is the remainder when a is divided by 6?
5
Let u = 34 + 18. What is the remainder when u is divided by 27?
25
Suppose -12 = -3*i + 6. Suppose 0 = 4*h - 42 - i. Calculate the remainder when (-23)/((1 - 3)/2) is divided by h.
11
Let x(g) = g**3 + 7*g**2 - 7*g - 33. What is the remainder when x(-7) is divided by 6/(-1 + 1*2)?
4
What is the remainder when 22 is divided by -3 - (-3)/(6/22)?
6
Let j = 10 - 7. Suppose j*q = 5*q - 24. Calculate the remainder when q is divided by 7.
5
Let y = 221 - 101. Suppose 5*p = 4*q - 3*q + y, -p + 24 = -q. What is the remainder when p is divided by 9?
6
Let g = -132 - -189. Suppose -3*u = -6*u + g. Let r = -7 + 12. What is the remainder when u is divided by r?
4
Let d(h) = 17*h - 6. Let j be d(4). Let z = j + -41. Calculate the remainder when 19 is divided by 119/z + 4/(-6).
4
Let b(t) = t**2 + 6. Calculate the remainder when b(7) is divided by 29.
26
Suppose -5*x - 17 = -147. Suppose 60 = 8*b + 4. Calculate the remainder when x is divided by b.
5
Suppose 3*f - 4*j - 42 = 36, -2*f + 3*j + 53 = 0. Calculate the remainder when f is divided by 13.
9
Let l = -17 - -10. Let q = l + 0. Let h = 14 + q. Calculate the remainder when 12 is divided by h.
5
Let v = 18 + -13. Suppose h + 320 = v*y, 3*y + y - 285 = -5*h. Suppose -t + 5*d = -1, -5*t - d = -6*d - y. Calculate the remainder when 31 is divided by t.
15
Let l(t) = -t**3 + 5*t**2 + 7*t - 7. Let z be l(6). Let k(x) = 12*x**2 + 1. What is the remainder when k(-1) is divided by 6 - (-3 + 3 - z)?
3
Let h be 80/12 - (-2)/6. Let z(d) = 5*d + 2. Let o be z(h). Let k = -18 + o. What is the remainder when k is divided by 10?
9
Let q = -49 - -3. Let h(n) = -3*n**2 - 6*n - 4. Let x be h(-4). Let z = x - q. Calculate the remainder when 52 is divided by z.
16
What is the remainder when 33 is divided by (-73)/(-6) - (-10)/(-60)?
9
Let i be (9/(-4))/(9/(-24)). Let b(f) = -f**3 + 5*f**2 + 8*f - 4. What is the remainder when 45/3 - 0/(-2) is divided by b(i)?
7
Suppose 11*z - 6 = 10*z. Calculate the remainder when 11 is divided by z.
5
Suppose -5*g - 4*g = -63. Calculate the re